inder when o is divided by 7?
6
Let t(s) = -5 - 1 - 36*s + 2. Let x = 5246 + -5225. What is the remainder when t(-3) is divided by x?
20
Suppose -14 = -3*c + c, 2*m = 4*c + 58. Calculate the remainder when 428 is divided by m.
41
Let w be (-20)/25 - (-14)/5. Suppose 2*s - 85 = -q + 2, 5*q - w*s = 387. Calculate the remainder when q is divided by ((-30)/3)/((-1)/4).
39
Suppose q = -2*z + 8, -2*q - 13*z + 25 = -18*z. Suppose -40*j + q*j = -11220. Calculate the remainder when j is divided by 95.
89
Suppose 5*o - 4*s + 4 = 1, -3*o = -2*s + 3. Suppose 168*r - 174*r + 270 = 0. Calculate the remainder when r is divided by o + (-38)/2*-1.
13
What is the remainder when 2847 is divided by 18/21 + -1 + (-4785)/(-77)?
57
Let t(v) = 4*v**2 - 12*v - 5*v**2 + v**3 + 53 - 43. Suppose 4*q - 227 + 31 = 0. What is the remainder when q is divided by t(4)?
9
Suppose 1890 = 6*x + 39*x. Calculate the remainder when 549 is divided by 7/x + (826/(-12))/(-7).
9
Suppose 3*n = n + 94. Calculate the remainder when n is divided by 90*(1240/93 - 13).
17
Suppose -3*v = 12, v + 72 = 5*c - 2*v. What is the remainder when ((-129)/86)/((-6)/184) is divided by c?
10
Let l(a) = -a - 2. Let q be l(-4). Let m be ((-3)/(-2))/(q + (-371)/182). What is the remainder when 96 is divided by (-26)/m + (-97)/(-3) + 0?
30
Let c be 4/34 + (-59157)/(-459). Let m = c - 126. Calculate the remainder when 3 is divided by m.
0
Let d be (11 - (-510)/(-45))*(1 - -1556). Let v = d + 576. What is the remainder when v is divided by 31?
26
Suppose 8*c = 14*c - 84. Suppose -c*k = -343 - 665. Suppose -30*d + k = -26*d. Calculate the remainder when d is divided by 7.
4
Let y be 2 - 0 - (0 + 0). Suppose v - 2*v = -4*a - 86, y*v = 2*a + 184. What is the remainder when v is divided by (-1888)/1475*(-30)/8*5?
22
Let k = -31 - -33. Suppose k*u + 28 = -32. Let p = u - -63. Calculate the remainder when 98 is divided by p.
32
Let m be 45/(-10 + 1) + 172/1. Let p = -154 + m. Calculate the remainder when 125 is divided by p.
8
Suppose 0 = 4*c - 2*z + 8 - 0, -20 = 4*c - 5*z. Suppose 3*l + 0*i - 5*i - 230 = c, -2*l + 162 = i. Calculate the remainder when 395 is divided by l.
75
Suppose -13 - 20 = -q. Suppose 16 = -9*x + 43. Calculate the remainder when q is divided by ((-4)/3)/(4/(-18))*x.
15
Suppose -7134 = -96*l - 71*l - 7*l. Calculate the remainder when 326 is divided by l.
39
Let j = -162 + 44. Calculate the remainder when 159 is divided by j/(-15) - (-6)/45.
7
Calculate the remainder when 216 is divided by (-3)/(-4 + (-594)/(-150)).
66
Let p = -468 - -510. Calculate the remainder when 13 is divided by 416/p - 66/(-693).
3
Let j = 36 - 21. Let t(h) = -h**3 + 21*h**2 - 24*h - 231. Calculate the remainder when t(18) is divided by j.
9
Suppose 63*j - 34*j = 1334. Let f(u) = -u**3 - 7*u**2 - 6*u + 4. Let b be f(-6). Suppose -35 = -o - b*o. Calculate the remainder when j is divided by o.
4
Let i = 178 + -180. Let o(l) = -l**3 - 5*l**2 - 4*l + 5. What is the remainder when o(-5) is divided by (18/5)/(44/110) + i?
4
Suppose 4 = 2*f + 4*x + 2, 0 = -f + x + 10. Let s(v) = -v**3 - 11*v**2 + 8*v + 5. Calculate the remainder when s(-12) is divided by f.
4
Let f = 3142 + -3006. Calculate the remainder when 274 is divided by f.
2
Suppose 2*s = 2*l + 46, -2*s - 3*s = -3*l - 75. Calculate the remainder when ((-56)/l)/(2/10) is divided by (-3)/((-12)/8) + 6.
6
Let s = -248 - -256. Suppose -194 = -s*r + 30. What is the remainder when 82 is divided by r?
26
Calculate the remainder when (-229)/(-7) - 6/(-21) is divided by ((-66)/8)/((-1638)/(-112) - 15).
11
Suppose 320*h - 2952897 - 121259 = 27*h. What is the remainder when h is divided by 58?
52
Let s = 1199 - 740. Calculate the remainder when 2*(s/(-6))/9*-6 is divided by 9.
3
Let t(n) = -n**3 - 13*n**2 + 241*n + 21. Calculate the remainder when 270 is divided by t(10).
8
What is the remainder when 96 is divided by (0 + 24)*80/240 + -1?
5
Suppose -6*o + 85 = -o. Suppose -315 = g - 8*g. Suppose -5*z + g = -w, 21*w = 24*w. Calculate the remainder when o is divided by z.
8
Let o(k) = -k**2 + 10*k + 11. Let z be o(11). Let p = 12 + -5. Calculate the remainder when (-1)/2*(z + -24) is divided by p.
5
Suppose -708 = 4*c - 2*y, 4*y + 82 + 816 = -5*c. Let m = c - -553. Calculate the remainder when m is divided by 21.
18
Suppose -3*o + 85 = -4*q, -1387*o + 5*q = -1385*o - 59. Calculate the remainder when ((-4)/(-10))/((-2)/(-530)) is divided by o.
25
Suppose -3*r + 99 = -15. Let n be (-11)/(-2) + (-57)/r. Suppose -n*a = -5*g - 238 - 193, a = -2*g + 111. What is the remainder when a is divided by 28?
25
Suppose -23 = 4*c - 39. Suppose -5 = b, -c*k + 9*b - 7*b + 106 = 0. Calculate the remainder when 87 is divided by k.
15
Suppose -4*p = -w - 204, 5*p = 5*w + 166 + 89. Calculate the remainder when 311 is divided by p.
5
What is the remainder when ((-8)/(-6))/(107/1284) is divided by 7*2/(-12)*-6?
2
Suppose 6*a + 12*a = 27612. Calculate the remainder when a is divided by 53.
50
Suppose 23*a - 25919 = 27947. Calculate the remainder when a is divided by 94.
86
Suppose 102*u = 204*u - 10200. Calculate the remainder when 9498 is divided by u.
98
Let y = -2674 + 2681. What is the remainder when 348 is divided by y?
5
Let m be (-6 + 74/5)/((-2)/5). Suppose 3*c - 5 = -17. What is the remainder when 32 is divided by (-1)/(-6)*-3 + m/c?
2
Let x be (-18)/81 + 83/9. Suppose -1143 = -x*y + 720. Calculate the remainder when y is divided by 2/(-9) + (-544)/(-18).
27
Let y be (-366)/4 + (-9)/(-6). Let a = y - -229. Let c = 4 - -24. Calculate the remainder when a is divided by c.
27
Suppose 5*c + 775 = 5*h + c, -5*c + 155 = h. Suppose -4*r = 5*g - 366, 85*g + r = 87*g - 162. Calculate the remainder when h is divided by g.
77
Let u(x) = -x - 1 + 6*x + 0. What is the remainder when 364*(-4)/(-16) + -9 is divided by u(6)?
24
Suppose 4*c - 264 - 188 = 0. Suppose -821 = -4*v - r, 6*v - 1027 = v - r. Suppose -v = -37*p + 645. Calculate the remainder when c is divided by p.
21
Let o = 219 - 384. Let s = o + 223. What is the remainder when 283 is divided by s?
51
Let v be (-216)/(-126)*(-7)/(-2). Suppose -4*t = -v*t + 2*s + 158, -2*t + 154 = -3*s. Calculate the remainder when t is divided by 4*4 + 1/1.
15
Let h be 3/(9*6/12168). Suppose h = 7*r + 130. What is the remainder when r is divided by 23?
9
Suppose -3901 = -103*o - 1326. Calculate the remainder when 126 is divided by o.
1
Suppose -9*i + 49 = 4. Suppose -4*f + 19 = -i. Let s = -6 - -22. Calculate the remainder when s is divided by f.
4
Let j be (4/40)/1 - (-57567)/30. Suppose -13*k + 291 = -j. Calculate the remainder when k is divided by 57.
56
Suppose 1932 = 8*q + 38*q. Calculate the remainder when 311 is divided by q.
17
Let c = -95 - -106. Let u(b) = b**3 - 10*b**2 - 5*b - 26. Let q be u(c). Suppose q = -4*l + 168. What is the remainder when 126 is divided by l?
30
Suppose -r - z = -34, 8*z - 10*z - 170 = -5*r. Calculate the remainder when 162 is divided by r.
26
Let n be -2*(-9)/12 + (-2115)/(-30). Suppose 2*t + 51 = -49. Let m = t + n. Calculate the remainder when 43 is divided by m.
21
Suppose -308*u + 165*u = -160*u + 2414. Calculate the remainder when 701 is divided by u.
133
Let c(j) = 3*j**2 - 4*j - 17. Let r(o) = -14*o + 3. Let s be r(-1). Let n = 13 - s. What is the remainder when 138 is divided by c(n)?
44
Suppose 0 + 9 = 3*y. Let h be 76 - ((-6)/(-4))/(y/2). Let d = -68 + h. What is the remainder when 12 is divided by d?
5
Let c = 1073 + -1029. Calculate the remainder when 194 is divided by c.
18
Suppose 17*g + 9388 = 11683. What is the remainder when 554 is divided by g?
14
Suppose -4*s - 5*g = -1, g - 4 = 1. Calculate the remainder when (s/8)/(-1*1/484) is divided by 5.
3
Let f = 13897 - 9743. What is the remainder when f is divided by 21?
17
Suppose u = 2*q - 27, -5*q - 4*u - 36 = -7*q. Let d = 74 + -54. What is the remainder when d + 13 + (-1)/1 is divided by q?
8
Suppose -7*y + l = -3*y - 49, -25 = 5*l. What is the remainder when y/((-108)/28 + 4) is divided by 39?
38
Suppose 3*q - 152*u - 18 = -153*u, 2*u + 41 = 5*q. Calculate the remainder when 94 is divided by q.
3
Suppose 45*k = -12*k + 203718. Calculate the remainder when k is divided by 149.
147
Suppose 17*h = 1504 - 399. Let i(a) = -10*a**2 - 2*a. Let w be i(2). Calculate the rema